{"id":33,"date":"2023-03-07T14:54:04","date_gmt":"2023-03-07T14:54:04","guid":{"rendered":"https:\/\/ernstvolland.de\/?page_id=33"},"modified":"2023-06-30T22:31:50","modified_gmt":"2023-06-30T22:31:50","slug":"biografie","status":"publish","type":"page","link":"https:\/\/ernstvolland.de\/?page_id=33","title":{"rendered":"Biografie"},"content":{"rendered":"\n<h1 class=\"wp-block-heading\"><strong>Ernst Volland <\/strong>&nbsp;<\/h1>\n\n\n\n<p><\/p>\n\n\n\n<ul class=\"wp-block-list\">\n<li>geb. 1946 in B\u00fcrgstadt\/Miltenberg, aufgewachsen in Wilhelmshaven, lebt seit 1968 in Berlin.<\/li>\n\n\n\n<li>Studium der Bildenden Kunst in Hamburg und Berlin,&nbsp;<\/li>\n\n\n\n<li>Meistersch\u00fcler.&nbsp;<\/li>\n\n\n\n<li>Seit 1975 freiberuflich, Karikaturen, Plakate Fotomontagen,\u00a0Zeichnungen.<\/li>\n\n\n\n<li>Erste Einzelausstellung 1969 Berlin. Galerie am Abend.<\/li>\n\n\n\n<li>Erste Retrospektive 1987. Galerie K\u00f6rnerpark Berlin.<\/li>\n\n\n\n<li>Lehrauftr\u00e4ge f\u00fcr Karikatur, Foto, Fotomontage an verschiedenen Hochschulen. <\/li>\n<\/ul>\n\n\n\n<ul class=\"wp-block-list\">\n<li>&nbsp;Beschlagnahmungen und Prozesse in Zusammenhang einzelner Motive.<\/li>\n\n\n\n<li> 1981 zerst\u00f6rt die Berliner Polizei ein komplette Ausstellung&nbsp; organisiert von der \u201eNeuen&nbsp; Gesellschaft f\u00fcr Bildende Kunst,&nbsp;<\/li>\n\n\n\n<li>Berlin\u201c von Ernst Volland<\/li>\n\n\n\n<li>Erfindet daraufhin den Maler Blaise Vincent, der rasch Erfolg hat.<\/li>\n\n\n\n<li>Gr\u00fcndet 1987 mit Heinz Krimmer die Fotoagentur&nbsp;<\/li>\n\n\n\n<li>\u201eVoller Ernst-nur f\u00fcr komische und ungew\u00f6hnliche Fotos.<\/li>\n\n\n\n<li>1989 Ver\u00f6ffentlichung \u201eDies Buch ist pure F\u00e4lschung\u201c- Fakes.&nbsp;<\/li>\n\n\n\n<li>Das Buch gibt den Impuls f\u00fcr eine Reihe von Fake Beitr\u00e4gen f\u00fcr RTL (G\u00fcnter Jauch) und SAT1. Volland tritt in den Fakes\u00a0auch als Schauspieler auf<\/li>\n\n\n\n<li>Seit 1990 Werkserie \u201eEingebrannte Bilder\u201c<\/li>\n\n\n\n<li>Zusammenarbeit mit dem englischen Sammler und Grafikdesigner David King. Kuratierung der Ausstellung \u201eStalins Retuschen\u201c.\u00a0<\/li>\n\n\n\n<li>2016 gemeinsame Herausgabe des Buches \u201eJohn Heartfield-Laughter is a devastating weapon\u201c. Tate Publishing<\/li>\n\n\n\n<li>Trifft 1991 in Moskau den russischen Fotografen Jewgeni Chaldej.&nbsp;<\/li>\n\n\n\n<li>Es kommt zu einer intensiven Zusammenarbeit. Diverse\u00a0Ausstellungen und Buchver\u00f6ffentlichungen<\/li>\n\n\n\n<li>Ab 2005 Buntstiftbilder.<\/li>\n<\/ul>\n\n\n\n<p><\/p>\n\n\n\n<ul class=\"wp-block-list\">\n<li>Zwei T\u00f6chter, Lena und Janna. Vier Kinderb\u00fccher.&nbsp;<\/li>\n\n\n\n<li>Texte und Zeichnungen von Ernst Volland<\/li>\n<\/ul>\n","protected":false},"excerpt":{"rendered":"<p>Ernst Volland &nbsp;<\/p>\n","protected":false},"author":1,"featured_media":0,"parent":0,"menu_order":0,"comment_status":"closed","ping_status":"closed","template":"","meta":{"footnotes":""},"class_list":["post-33","page","type-page","status-publish","hentry"],"_links":{"self":[{"href":"https:\/\/ernstvolland.de\/index.php?rest_route=\/wp\/v2\/pages\/33","targetHints":{"allow":["GET"]}}],"collection":[{"href":"https:\/\/ernstvolland.de\/index.php?rest_route=\/wp\/v2\/pages"}],"about":[{"href":"https:\/\/ernstvolland.de\/index.php?rest_route=\/wp\/v2\/types\/page"}],"author":[{"embeddable":true,"href":"https:\/\/ernstvolland.de\/index.php?rest_route=\/wp\/v2\/users\/1"}],"replies":[{"embeddable":true,"href":"https:\/\/ernstvolland.de\/index.php?rest_route=%2Fwp%2Fv2%2Fcomments&post=33"}],"version-history":[{"count":5,"href":"https:\/\/ernstvolland.de\/index.php?rest_route=\/wp\/v2\/pages\/33\/revisions"}],"predecessor-version":[{"id":407,"href":"https:\/\/ernstvolland.de\/index.php?rest_route=\/wp\/v2\/pages\/33\/revisions\/407"}],"wp:attachment":[{"href":"https:\/\/ernstvolland.de\/index.php?rest_route=%2Fwp%2Fv2%2Fmedia&parent=33"}],"curies":[{"name":"wp","href":"https:\/\/api.w.org\/{rel}","templated":true}]}}